
3, 31, 14787251
List the prime factors of 222009045.
3, 5, 14800603
What are the prime factors of 684813571?
13, 43, 587, 2087
What are the prime factors of 569932802?
2, 59, 1163, 4153
List the prime factors of 22121575.
5, 7, 83, 1523
What are the prime factors of 624104918?
2, 17, 18356027
List the prime factors of 79639882.
2, 7, 443, 12841
What are the prime factors of 2257462062?
2, 3, 17, 839, 977
List the prime factors of 61312257.
3, 1381, 4933
List the prime factors of 42439113.
3, 59, 26641
What are the prime factors of 223009803?
3, 2671, 9277
List the prime factors of 65639679.
3, 7, 31, 100829
What are the prime factors of 129360078?
2, 3, 179, 1487
List the prime factors of 70007466.
2, 3, 11667911
List the prime factors of 617408113.
7, 23, 3834833
List the prime factors of 462729270.
2, 3, 5, 15424309
List the prime factors of 408568764.
2, 3, 251, 135647
List the prime factors of 88101514.
2, 17, 37, 59, 1187
List the prime factors of 6696270036.
2, 3, 467, 398303
List the prime factors of 981348100.
2, 5, 19, 516499
List the prime factors of 542561812.
2, 13, 23, 29, 15643
What are the prime factors of 11055017?
19, 581843
List the prime factors of 98143047.
3, 23, 29, 16349
What are the prime factors of 9552996?
2, 3, 79, 3359
What are the prime factors of 6563978?
2, 863, 3803
What are the prime factors of 44517384?
2, 3, 43, 4793
What are the prime factors of 1215102028?
2, 7, 131, 337, 983
What are the prime factors of 565882445?
5, 9887, 11447
What are the prime factors of 57088928?
2, 13, 37, 3709
What are the prime factors of 123690281?
11, 13, 864967
List the prime factors of 9326710.
2, 5, 17, 83, 661
What are the prime factors of 152073430?
2, 5, 53, 83, 3457
List the prime factors of 30168043.
499, 60457
List the prime factors of 305678621.
101, 3026521
List the prime factors of 68885068.
2, 7, 2460181
List the prime factors of 29879481.
3, 9959827
List the prime factors of 52761663.
3, 569, 10303
What are the prime factors of 5020520547?
3, 7, 71, 79, 6089
What are the prime factors of 78591725?
5, 109, 151, 191
What are the prime factors of 25108998?
2, 3, 47, 269, 331
List the prime factors of 5672210309.
103, 1237, 44519
List the prime factors of 9382595.
5, 1876519
What are the prime factors of 2744910249?
3, 1453, 629711
List the prime factors of 11942954.
2, 29, 205913
List the prime factors of 3119345731.
79, 39485389
List the prime factors of 1293745799.
1293745799
List the prime factors of 2054519022.
2, 3, 23, 3697, 4027
What are the prime factors of 4021194255?
3, 5, 13, 491, 41999
What are the prime factors of 1598655084?
2, 3, 13, 281, 36469
What are the prime factors of 1143466525?
5, 47, 73, 13331
List the prime factors of 715983028.
2, 71, 2521067
What are the prime factors of 314917674?
2, 3, 233, 225263
What are the prime factors of 49672285?
5, 13, 764189
What are the prime factors of 261909357?
3, 19, 107, 42943
List the prime factors of 314894263.
131, 2403773
What are the prime factors of 18564650?
2, 5, 13
List the prime factors of 20792315.
5, 139, 29917
What are the prime factors of 3161771273?
4297, 735809
What are the prime factors of 744547935?
3, 5, 109, 455381
What are the prime factors of 361233218?
2, 180616609
What are the prime factors of 6848552790?
2, 3, 5, 71, 1071761
List the prime factors of 52484367.
3, 13, 23, 58511
List the prime factors of 271576263.
3, 7, 37, 349519
List the prime factors of 1285593347.
101, 139, 91573
List the prime factors of 204698338.
2, 13, 829, 9497
What are the prime factors of 79396020?
2, 3, 5, 11, 40099
List the prime factors of 1062265679.
29, 41, 43, 79, 263
List the prime factors of 4244510813.
3229, 1314497
What are the prime factors of 134919792?
2, 3, 7, 137, 977
List the prime factors of 501283382.
2, 149, 1682159
What are the prime factors of 3682513867?
6661, 552847
List the prime factors of 72592479.
3, 59, 136709
List the prime factors of 2557287786.
2, 3, 19, 22432349
What are the prime factors of 367105064?
2, 89, 515597
What are the prime factors of 1342784472?
2, 3, 55949353
What are the prime factors of 1351148996?
2, 193, 1750193
What are the prime factors of 256665773?
7, 13, 179, 2251
What are the prime factors of 26064581?
26064581
List the prime factors of 46796534.
2, 109, 214663
List the prime factors of 3379320746.
2, 337, 5013829
List the prime factors of 1123187538.
2, 3, 11, 41, 415073
What are the prime factors of 861605125?
5, 37, 241, 773
List the prime factors of 43639343.
11, 1669, 2377
List the prime factors of 1259512900.
2, 5, 67, 187987
List the prime factors of 189700033.
189700033
List the prime factors of 106321785.
3, 5, 31, 373, 613
What are the prime factors of 53168482?
2, 37, 718493
List the prime factors of 388454690.
2, 5, 13, 43, 69491
What are the prime factors of 602192397?
3, 577, 347887
List the prime factors of 710944568.
2, 88868071
List the prime factors of 1209478361.
7, 13, 31, 428741
What are the prime factors of 37363378?
2, 13, 1437053
What are the prime factors of 507635240?
2, 5, 7, 1812983
What are the prime factors of 3822885772?
2, 955721443
List the prime factors of 68459370.
2, 3, 5, 7, 6653
List the prime factors of 212598491.
7, 4327, 7019
List the prime factors of 39814703.
4219, 9437
List the prime factors of 4122076901.
41, 5849, 17189
What are the prime factors of 295841183?
11, 26894653
List the prime factors of 102467979.
3, 41, 277691
What are the prime factors of 44591240?
2, 5, 647, 1723
List the prime factors of 1839877534.
2, 11, 83630797
List the prime factors of 262487402.
2, 131243701
List the prime factors of 83679913.
83679913
List the prime factors of 30761347.
17, 1809491
List the prime factors of 790822446.
2, 3, 19, 6937039
What are the prime factors of 116333005?
5, 23266601
List the prime factors of 1022267557.
1022267557
List the prime factors of 67448868.
2, 3, 193, 29123
What are the prime factors of 81122282?
2, 47, 863003
List the prime factors of 53070010.
2, 5, 7, 607, 1249
List the prime factors of 2045361.
3, 681787
List the prime factors of 213703149.
3, 11, 137, 47269
List the prime factors of 202303452.
2, 3, 13, 1296817
List the prime factors of 540194002.
2, 6491, 41611
What are the prime factors of 62237354?
2, 31118677
List the prime factors of 84739060.
2, 5, 7, 191, 3169
What are the prime factors of 895918479?
3, 17, 379, 46351
What are the prime factors of 22620772?
2, 293, 19301
What are the prime factors of 255262650?
2, 3, 5, 17, 100103
What are the prime factors of 191097633?
3, 43, 1481377
List the prime factors of 193980313.
79, 2455447
What are the prime factors of 7429508545?
5, 311, 4777819
List the prime factors of 897352560.
2, 3, 5, 13, 31957
List the prime factors of 1444408370.
2, 5, 2999, 48163
List the prime factors of 217812564.
2, 3, 331, 677
What are the prime factors of 741261907?
43, 1471, 11719
What are the prime factors of 1736241118?
2, 31, 163, 171803
List the prime factors of 2396862840.
2, 3, 5, 163, 283, 433
What are the prime factors of 584675009?
584675009
What are the prime factors of 101507382?
2, 3, 233, 24203
What are the prime factors of 1112165439?
3, 7, 11, 73, 101, 653
What are the prime factors of 1916198440?
2, 5, 13, 389, 9473
What are the prime factors of 6641239213?
7, 23, 31, 827, 1609
List the prime factors of 906953175.
3, 5, 4030903
List the prime factors of 329359407.
3, 13, 31, 272423
What are the prime factors of 32651158?
2, 19, 29, 29629
List the prime factors of 3133557310.
2, 5, 13, 71, 257, 1321
What are the prime factors of 2790617162?
2, 29, 53, 907813
List the prime factors of 8495223.
3, 11, 17, 19, 797
List the prime factors of 54112500.
2, 3, 5, 13, 37
What are the prime factors of 155651209?
7, 22235887
List the prime factors of 1331257571.
7, 1481, 128413
What are the prime factors of 27953839?
4931, 5669
What are the prime factors of 284505562?
2, 11, 12932071
List the prime factors of 88138465.
5, 1097, 16069
What are the prime factors of 1969297451?
11, 557, 321413
What are the prime factors of 40539685?
5, 23, 61, 5779
What are the prime factors of 57978572?
2, 14494643
What are the prime factors of 93766264?
2, 11720783
What are the prime factors of 4175133595?
5